inder when 322749 is divided by 2060.
1389
Calculate the remainder when 4653273 is divided by 893.
743
Calculate the remainder when 70068 is divided by 4376.
52
Calculate the remainder when 85856 is divided by 1928.
1024
Calculate the remainder when 4204584 is divided by 1051144.
8
What is the remainder when 2238798 is divided by 124375?
48
What is the remainder when 41020497 is divided by 410?
407
What is the remainder when 3277145 is divided by 151?
143
What is the remainder when 3154710 is divided by 271?
270
Calculate the remainder when 3995855 is divided by 35358.
401
What is the remainder when 54835570 is divided by 179?
173
What is the remainder when 7128108 is divided by 91384?
156
What is the remainder when 85326281 is divided by 6268?
6265
What is the remainder when 113191 is divided by 22536?
511
Calculate the remainder when 40106 is divided by 39705.
401
What is the remainder when 934013 is divided by 318?
47
What is the remainder when 287017 is divided by 793?
744
Calculate the remainder when 656071 is divided by 17730.
61
Calculate the remainder when 1547447 is divided by 6422.
6167
What is the remainder when 3071162 is divided by 613?
32
Calculate the remainder when 185287 is divided by 13092.
1999
Calculate the remainder when 738770 is divided by 2099.
2021
Calculate the remainder when 89645 is divided by 6397.
87
What is the remainder when 23214543 is divided by 984?
15
Calculate the remainder when 68430 is divided by 22668.
426
What is the remainder when 3807783 is divided by 4226?
157
What is the remainder when 8452664 is divided by 2765?
59
What is the remainder when 1725407 is divided by 9?
8
Calculate the remainder when 56070 is divided by 1096.
174
What is the remainder when 2624451 is divided by 3?
0
Calculate the remainder when 1155656126 is divided by 16.
14
Calculate the remainder when 164896 is divided by 23502.
382
Calculate the remainder when 16446 is divided by 1635.
96
What is the remainder when 553437 is divided by 3843?
45
Calculate the remainder when 262254123 is divided by 21854509.
15
What is the remainder when 287225 is divided by 136?
129
Calculate the remainder when 67872 is divided by 2001.
1839
Calculate the remainder when 103779 is divided by 946.
665
What is the remainder when 9108900 is divided by 833?
45
What is the remainder when 68994143 is divided by 7?
1
Calculate the remainder when 69606 is divided by 69500.
106
Calculate the remainder when 29443 is divided by 4081.
876
What is the remainder when 1192913 is divided by 18935?
8
Calculate the remainder when 71418 is divided by 70349.
1069
What is the remainder when 1050430 is divided by 11291?
367
What is the remainder when 2045832 is divided by 1802?
562
Calculate the remainder when 51671355 is divided by 446.
25
Calculate the remainder when 2415210 is divided by 14637.
105
Calculate the remainder when 768614 is divided by 12397.
0
Calculate the remainder when 264373690 is divided by 41.
32
Calculate the remainder when 1909031 is divided by 1566.
77
What is the remainder when 90665 is divided by 21949?
2869
Calculate the remainder when 33411473 is divided by 5019.
5009
Calculate the remainder when 465693 is divided by 158.
67
What is the remainder when 1339668 is divided by 622?
502
Calculate the remainder when 31598596 is divided by 2120.
2116
Calculate the remainder when 186110 is divided by 11625.
110
What is the remainder when 318320752 is divided by 4723?
4721
Calculate the remainder when 2323016 is divided by 40044.
464
Calculate the remainder when 55664763 is divided by 306.
303
Calculate the remainder when 18404 is divided by 3655.
129
What is the remainder when 10551379 is divided by 1355?
1349
Calculate the remainder when 5943725 is divided by 220.
205
What is the remainder when 2756941 is divided by 8?
5
Calculate the remainder when 582065 is divided by 74.
55
Calculate the remainder when 17623799 is divided by 25.
24
Calculate the remainder when 907682 is divided by 82515.
17
What is the remainder when 124781 is divided by 122998?
1783
What is the remainder when 1214970 is divided by 179?
97
Calculate the remainder when 1277646 is divided by 63881.
26
Calculate the remainder when 3180397 is divided by 530047.
115
Calculate the remainder when 108018 is divided by 35935.
213
What is the remainder when 5813157 is divided by 1937711?
24
Calculate the remainder when 4290904 is divided by 300.
4
What is the remainder when 97814 is divided by 695?
514
What is the remainder when 343710 is divided by 428?
26
What is the remainder when 450667 is divided by 150219?
10
What is the remainder when 28767 is divided by 994?
935
Calculate the remainder when 33950230 is divided by 27.
25
Calculate the remainder when 11401871 is divided by 1305.
86
What is the remainder when 36200101 is divided by 1817?
10
Calculate the remainder when 1450220 is divided by 725080.
60
Calculate the remainder when 10123518 is divided by 139.
9
What is the remainder when 115431 is divided by 38461?
48
What is the remainder when 33892975 is divided by 1993704?
7
Calculate the remainder when 1475998 is divided by 1475991.
7
Calculate the remainder when 336735 is divided by 253.
245
What is the remainder when 6982019 is divided by 790?
789
Calculate the remainder when 1381703 is divided by 1187.
35
Calculate the remainder when 12391 is divided by 890.
821
Calculate the remainder when 88121100 is divided by 2318.
12
Calculate the remainder when 34018486 is divided by 63.
61
What is the remainder when 1278869 is divided by 2721?
2720
Calculate the remainder when 453611 is divided by 16.
11
What is the remainder when 180019614 is divided by 18?
12
What is the remainder when 11747555 is divided by 636?
635
Calculate the remainder when 1179547 is divided by 1458.
25
What is the remainder when 3406584 is divided by 93?
87
Calculate the remainder when 9217 is divided by 9179.
38
What is the remainder when 50725801 is divided by 36?
1
What is the remainder when 67321572 is divided by 3748?
3744
Calculate the remainder when 18424 is divided by 262.
84
What is the remainder when 832762 is divided by 138748?
274
What is the remainder when 1134792 is divided by 3996?
3924
What is the remainder when 8868676 is divided by 2859?
58
What is the remainder when 67924 is divided by 3358?
764
Calculate the remainder when 625649380 is divided by 14991.
14986
Calculate the remainder when 628701 is divided by 312060.
4581
Calculate the remainder when 30092700 is divided by 358246.
36
Calculate the remainder when 13468297 is divided by 6734144.
9
Calculate the remainder when 59218928 is divided by 179.
0
What is the remainder when 917711 is divided by 927?
908
What is the remainder when 63395 is divided by 3800?
2595
What is the remainder when 24269737 is divided by 214?
211
Calculate the remainder when 246429 is divided by 364.
1
What is the remainder when 147925 is divided by 36882?
397
Calculate the remainder when 127010 is divided by 1041.
8
What is the remainder when 29248799 is divided by 1400?
1399
Calculate the remainder when 2142552 is divided by 6716.
148
What is the remainder when 19674163 is divided by 995?
28
Calculate the remainder when 5030323 is divided by 518.
25
What is the remainder when 2879995 is divided by 9?
4
Calculate the remainder when 29839 is divided by 9865.
244
Calculate the remainder when 89275 is divided by 223.
75
Calculate the remainder when 525642 is divided by 2503.
12
Calculate the remainder when 56439 is divided by 132.
75
Calculate the remainder when 447846 is divided by 3497.
230
Calculate the remainder when 5959242 is divided by 106415.
2
Calculate the remainder when 23746735 is divided by 23746733.
2
What is the remainder when 20857276 is divided by 29?
12
Calculate the remainder when 102727 is divided by 16072.
6295
Calculate the remainder when 2336975 is divided by 25681.
4
What is the remainder when 54599330 is divided by 123?
122
What is the remainder when 679744 is divided by 2043?
1468
What is the remainder when 27079 is divided by 281?
103
What is the remainder when 1006207 is divided by 71589?
3961
Calculate the remainder when 5170 is divided by 251.
150
What is the remainder when 176500492 is divided by 10?
2
What is the remainder when 240447